factors of 64141?
7, 11, 17
List the prime factors of 34796.
2, 8699
What are the prime factors of 6161?
61, 101
List the prime factors of 37855.
5, 67, 113
List the prime factors of 1415.
5, 283
What are the prime factors of 742?
2, 7, 53
What are the prime factors of 2266?
2, 11, 103
What are the prime factors of 1762?
2, 881
List the prime factors of 609.
3, 7, 29
What are the prime factors of 23511?
3, 17, 461
What are the prime factors of 150091?
150091
List the prime factors of 415.
5, 83
What are the prime factors of 97?
97
List the prime factors of 1002.
2, 3, 167
List the prime factors of 39.
3, 13
What are the prime factors of 24916?
2, 6229
List the prime factors of 86783.
86783
List the prime factors of 3180.
2, 3, 5, 53
List the prime factors of 19869.
3, 37, 179
What are the prime factors of 7145?
5, 1429
List the prime factors of 107823.
3, 127, 283
List the prime factors of 195.
3, 5, 13
What are the prime factors of 20894?
2, 31, 337
What are the prime factors of 1019?
1019
What are the prime factors of 614?
2, 307
What are the prime factors of 27598?
2, 13799
What are the prime factors of 9086?
2, 7, 11, 59
List the prime factors of 22636.
2, 5659
What are the prime factors of 4977?
3, 7, 79
What are the prime factors of 1092?
2, 3, 7, 13
What are the prime factors of 7393?
7393
What are the prime factors of 7663?
79, 97
List the prime factors of 188970.
2, 3, 5, 6299
List the prime factors of 17562.
2, 3, 2927
List the prime factors of 5614.
2, 7, 401
List the prime factors of 741.
3, 13, 19
What are the prime factors of 1932?
2, 3, 7, 23
List the prime factors of 480.
2, 3, 5
List the prime factors of 24555.
3, 5, 1637
What are the prime factors of 5511?
3, 11, 167
List the prime factors of 514.
2, 257
List the prime factors of 436.
2, 109
List the prime factors of 59509.
59509
What are the prime factors of 768?
2, 3
What are the prime factors of 1163?
1163
List the prime factors of 2125.
5, 17
What are the prime factors of 1461?
3, 487
List the prime factors of 54640.
2, 5, 683
What are the prime factors of 994?
2, 7, 71
List the prime factors of 1036.
2, 7, 37
List the prime factors of 9977.
11, 907
List the prime factors of 1015.
5, 7, 29
List the prime factors of 16774.
2, 8387
What are the prime factors of 38766?
2, 3, 7, 13, 71
What are the prime factors of 1352?
2, 13
What are the prime factors of 246?
2, 3, 41
List the prime factors of 20759.
20759
What are the prime factors of 98512?
2, 47, 131
List the prime factors of 1993.
1993
List the prime factors of 1203.
3, 401
List the prime factors of 16089.
3, 31, 173
What are the prime factors of 3445?
5, 13, 53
List the prime factors of 333.
3, 37
What are the prime factors of 20646?
2, 3, 31, 37
List the prime factors of 62.
2, 31
What are the prime factors of 23260?
2, 5, 1163
List the prime factors of 8607.
3, 19, 151
List the prime factors of 97400.
2, 5, 487
List the prime factors of 4307.
59, 73
What are the prime factors of 9939?
3, 3313
What are the prime factors of 100077?
3, 33359
List the prime factors of 1607.
1607
List the prime factors of 13202.
2, 7, 23, 41
What are the prime factors of 27162?
2, 3, 503
List the prime factors of 7364.
2, 7, 263
List the prime factors of 1653.
3, 19, 29
What are the prime factors of 1087?
1087
What are the prime factors of 3067?
3067
List the prime factors of 5367.
3, 1789
List the prime factors of 8065.
5, 1613
What are the prime factors of 4675?
5, 11, 17
What are the prime factors of 11847?
3, 11, 359
List the prime factors of 3097.
19, 163
List the prime factors of 24982.
2, 12491
List the prime factors of 10725.
3, 5, 11, 13
List the prime factors of 1961.
37, 53
List the prime factors of 28834.
2, 13, 1109
List the prime factors of 105748.
2, 26437
List the prime factors of 25772.
2, 17, 379
What are the prime factors of 490?
2, 5, 7
List the prime factors of 5515.
5, 1103
List the prime factors of 34783.
7, 4969
What are the prime factors of 38103?
3, 13, 977
What are the prime factors of 41053?
61, 673
List the prime factors of 3661.
7, 523
List the prime factors of 27.
3
What are the prime factors of 5766?
2, 3, 31
List the prime factors of 288.
2, 3
What are the prime factors of 67901?
67901
What are the prime factors of 21166?
2, 19, 557
List the prime factors of 85826.
2, 13, 3301
List the prime factors of 2142.
2, 3, 7, 17
List the prime factors of 5049.
3, 11, 17
What are the prime factors of 1213?
1213
List the prime factors of 8983.
13, 691
What are the prime factors of 1453?
1453
What are the prime factors of 23817?
3, 17, 467
What are the prime factors of 25959?
3, 17, 509
List the prime factors of 318.
2, 3, 53
List the prime factors of 1219.
23, 53
List the prime factors of 724.
2, 181
What are the prime factors of 20774?
2, 13, 17, 47
What are the prime factors of 359?
359
List the prime factors of 8805.
3, 5, 587
What are the prime factors of 963?
3, 107
List the prime factors of 15773.
15773
List the prime factors of 3039.
3, 1013
List the prime factors of 4582.
2, 29, 79
What are the prime factors of 5887?
7, 29
List the prime factors of 1416.
2, 3, 59
List the prime factors of 2343.
3, 11, 71
List the prime factors of 687.
3, 229
What are the prime factors of 14442?
2, 3, 29, 83
What are the prime factors of 22532?
2, 43, 131
List the prime factors of 9743.
9743
List the prime factors of 3432.
2, 3, 11, 13
List the prime factors of 2214.
2, 3, 41
List the prime factors of 17896.
2, 2237
What are the prime factors of 784?
2, 7
What are the prime factors of 32171?
53, 607
What are the prime factors of 177381?
3, 19709
What are the prime factors of 1611?
3, 179
What are the prime factors of 12416?
2, 97
What are the prime factors of 151?
151
List the prime factors of 3192.
2, 3, 7, 19
What are the prime factors of 1545?
3, 5, 103
List the prime factors of 3411.
3, 379
List the prime factors of 21033.
3, 19, 41
What are the prime factors of 898?
2, 449
List the prime factors of 98373.
3, 11, 271
List the prime factors of 1092.
2, 3, 7, 13
List the prime factors of 1416.
2, 3, 59
What are the prime factors of 18609?
3, 6203
What are the prime factors of 38917?
38917
List the prime factors of 43230.
2, 3, 5, 11, 131
What are the prime factors of 124507?
19, 6553
List the prime factors of 5348.
2, 7, 191
List the prime factors of 12013.
41, 293
List the prime factors of 13870.
2, 5, 19, 73
What are the prime factors of 7242?
2, 3, 17, 71
List the prime factors of 75587.
131, 577
List the prime factors of 75273.
3, 11, 2281
What are the prime factors of 494?
2, 13, 19
What are the prime factors of 86689?
86689
What are the prime factors of 17823?
3, 13, 457
What are the prime factors of 725?
5, 29
List the prime factors of 27255.
3, 5, 23, 79
List the prime factors of 7451.
7451
List the prime factors of 14477.
31, 467
List the prime factors of 70716.
2, 3, 71, 83
What are the prime factors of 55833?
3, 37, 503
List the prime factors of 1205.
5, 241
List the prime factors of 3306.
2, 3, 19, 29
List the prime factors of 11631.
3, 3877
List the prime factors of 10354.
2, 31, 167
What are the prime factors of 32548?
2, 79, 103
What are the prime factors of 11735?
5, 2347
List the prime factors of 515.
5, 103
What are the prime factors of 925?
5, 37
What are the prime factors of 1073?
29, 37
List the prime factors of 70878.
2, 3, 11813
List the prime factors of 95052.
2, 3, 89
List the prime factors of 6063.
3, 43, 47
What are the prime factors of 9896?
2, 1237
What are the prime factors of 1011?
3, 337
List the prime factors of 49812.
2, 3, 7, 593
What are the prime factors of 1163?
1163
List the prime factors of 32324.
2, 8081
List the prime factors of 4119.
3, 1373
What are the prime factors of 2690?
2, 5, 269
List the prime factors of 380.
2, 5, 19
List the prime factors of 2504.
2, 313
List the prime factors of 5608.
2, 701
List the prime factors of 615.
3, 5, 41
List the prime factors of 4956.
2, 3, 7, 59
What are the prime factors of 43373?
11, 3943
What are the prime factors of 2656?
2, 83
List the prime factors of 2000.
2, 5
What are the prime factors of 2577?
3, 859
What are the prime factors of 902?
2, 11, 41
What are the prime factors of 6832?
2, 7, 61
What are the prime factors of 514?
2, 25